{"id":1639,"date":"2021-07-30T23:33:46","date_gmt":"2021-07-30T16:33:46","guid":{"rendered":"https:\/\/tagung.id-germanistenverband.org\/2021\/?page_id=1639"},"modified":"2021-09-01T07:30:18","modified_gmt":"2021-09-01T00:30:18","slug":"register","status":"publish","type":"page","link":"https:\/\/tagung.id-germanistenverband.org\/2021\/register\/","title":{"rendered":"Register"},"content":{"rendered":"<div class='marquee-hsas-shortcode-66' style='width: 100%;overflow: hidden;'><a style=\"text-decoration: none;\" href=\"https:\/\/tagung.id-germanistenverband.org\/2021\/publikation\/\" target=\"_self\"><span style=\"\">Liebe Kolleginnen und Kollegen! \r\nauf vielfachen Wunsch hat sich die Tagungsleitung der 5. iKoniG entschlossen, die Frist f\u00fcr die Einreichung von Beitr\u00e4gen zu verl\u00e4ngern. Nutzen Sie die M\u00f6glichkeit und reichen Sie Ihren Beitrag noch bis einschlie\u00dflich 26. Dezember 2021 ein!<\/span><\/a><\/div><script>jQuery(function(){jQuery('.marquee-hsas-shortcode-66').marquee({allowCss3Support: true,css3easing: 'linear',easing: 'linear',delayBeforeStart: 2000,direction: 'left',duplicated: true,duration: 15000,gap: 600,pauseOnCycle: true,pauseOnHover: true,startVisible: true});});<\/script>\n\n\n\n<hr class=\"wp-block-separator\"\/>\n\n\n\n<p class=\"has-text-align-center\">W\u00e4hlen Sie bitte.<\/p>\n\n\n\n<div class=\"wp-block-columns is-layout-flex wp-container-core-columns-is-layout-9d6595d7 wp-block-columns-is-layout-flex\">\n<div class=\"wp-block-column is-layout-flow wp-block-column-is-layout-flow\"><\/div>\n\n\n\n<div class=\"wp-block-column is-layout-flow wp-block-column-is-layout-flow\">\n<div class=\"wp-block-buttons is-layout-flex wp-block-buttons-is-layout-flex\">\n<div class=\"wp-block-button has-custom-font-size has-small-font-size\"><a class=\"wp-block-button__link\" href=\"https:\/\/tagung.id-germanistenverband.org\/2021\/anmeldung\/?task=register\">Registrieren<\/a><\/div>\n<\/div>\n<\/div>\n\n\n\n<div class=\"wp-block-column is-layout-flow wp-block-column-is-layout-flow\">\n<div class=\"wp-block-buttons is-layout-flex wp-block-buttons-is-layout-flex\">\n<div class=\"wp-block-button has-custom-font-size has-small-font-size\"><a class=\"wp-block-button__link\" href=\"https:\/\/tagung.id-germanistenverband.org\/2021\/anmeldung\/\">Einloggen<\/a><\/div>\n<\/div>\n<\/div>\n\n\n\n<div class=\"wp-block-column is-layout-flow wp-block-column-is-layout-flow\">\n<div class=\"wp-block-buttons is-layout-flex wp-block-buttons-is-layout-flex\">\n<div class=\"wp-block-button has-custom-font-size has-small-font-size\"><a class=\"wp-block-button__link\" href=\"https:\/\/tagung.id-germanistenverband.org\/2021\/anmeldung\/?task=lostpassword\">Passwort zur\u00fccksetzen<\/a><\/div>\n<\/div>\n<\/div>\n\n\n\n<div class=\"wp-block-column is-layout-flow wp-block-column-is-layout-flow\"><\/div>\n<\/div>\n\n\n\n<hr class=\"wp-block-separator\"\/>\n\n\n\n<p class=\"has-text-align-center\"><strong>Hinweise herunterladen<\/strong><\/p>\n\n\n\n<p class=\"has-text-align-center\"><strong><a href=\"https:\/\/tagung.id-germanistenverband.org\/2021\/wp-content\/uploads\/2021\/08\/Hinweise-zur-Online-Registrierung-1.pdf\">Hinweise zur Online-Registrierung (Pdf)<\/a><\/strong><\/p>\n\n\n\n<p class=\"has-text-align-center\"><strong><a href=\"https:\/\/tagung.id-germanistenverband.org\/2021\/wp-content\/uploads\/2021\/08\/Hinweise-zum-Hochladen-des-Abstracts-1.pdf\">Hinweise zum Hochladen des Abstracts (Pdf)<\/a><\/strong><\/p>\n\n\n\n<pre class=\"wp-block-code\"><code><\/code><\/pre>\n","protected":false},"excerpt":{"rendered":"<p>W\u00e4hlen Sie bitte. Hinweise herunterladen Hinweise zur Online-Registrierung (Pdf) Hinweise zum Hochladen des Abstracts (Pdf)<\/p>\n","protected":false},"author":1,"featured_media":0,"parent":0,"menu_order":0,"comment_status":"closed","ping_status":"closed","template":"","meta":{"footnotes":""},"class_list":["post-1639","page","type-page","status-publish","hentry"],"_links":{"self":[{"href":"https:\/\/tagung.id-germanistenverband.org\/2021\/wp-json\/wp\/v2\/pages\/1639","targetHints":{"allow":["GET"]}}],"collection":[{"href":"https:\/\/tagung.id-germanistenverband.org\/2021\/wp-json\/wp\/v2\/pages"}],"about":[{"href":"https:\/\/tagung.id-germanistenverband.org\/2021\/wp-json\/wp\/v2\/types\/page"}],"author":[{"embeddable":true,"href":"https:\/\/tagung.id-germanistenverband.org\/2021\/wp-json\/wp\/v2\/users\/1"}],"replies":[{"embeddable":true,"href":"https:\/\/tagung.id-germanistenverband.org\/2021\/wp-json\/wp\/v2\/comments?post=1639"}],"version-history":[{"count":16,"href":"https:\/\/tagung.id-germanistenverband.org\/2021\/wp-json\/wp\/v2\/pages\/1639\/revisions"}],"predecessor-version":[{"id":2005,"href":"https:\/\/tagung.id-germanistenverband.org\/2021\/wp-json\/wp\/v2\/pages\/1639\/revisions\/2005"}],"wp:attachment":[{"href":"https:\/\/tagung.id-germanistenverband.org\/2021\/wp-json\/wp\/v2\/media?parent=1639"}],"curies":[{"name":"wp","href":"https:\/\/api.w.org\/{rel}","templated":true}]}}

<div class='marquee-hsas-shortcode-66' style='width: 100%;overflow: hidden;'><a style="text-decoration: none;" href="https://tagung.id-germanistenverband.org/2021/publikation/" target="_self"><span style="">Liebe Kolleginnen und Kollegen! 
auf vielfachen Wunsch hat sich die Tagungsleitung der 5. iKoniG entschlossen, die Frist für die Einreichung von Beiträgen zu verlängern. Nutzen Sie die Möglichkeit und reichen Sie Ihren Beitrag noch bis einschließlich 26. Dezember 2021 ein!</span></a></div><script>jQuery(function(){jQuery('.marquee-hsas-shortcode-66').marquee({allowCss3Support: true,css3easing: 'linear',easing: 'linear',delayBeforeStart: 2000,direction: 'left',duplicated: true,duration: 15000,gap: 600,pauseOnCycle: true,pauseOnHover: true,startVisible: true});});</script>



<hr class="wp-block-separator"/>



<p class="has-text-align-center">Wählen Sie bitte.</p>



<div class="wp-block-columns is-layout-flex wp-container-core-columns-is-layout-9d6595d7 wp-block-columns-is-layout-flex">
<div class="wp-block-column is-layout-flow wp-block-column-is-layout-flow"></div>



<div class="wp-block-column is-layout-flow wp-block-column-is-layout-flow">
<div class="wp-block-buttons is-layout-flex wp-block-buttons-is-layout-flex">
<div class="wp-block-button has-custom-font-size has-small-font-size"><a class="wp-block-button__link" href="https://tagung.id-germanistenverband.org/2021/anmeldung/?task=register">Registrieren</a></div>
</div>
</div>



<div class="wp-block-column is-layout-flow wp-block-column-is-layout-flow">
<div class="wp-block-buttons is-layout-flex wp-block-buttons-is-layout-flex">
<div class="wp-block-button has-custom-font-size has-small-font-size"><a class="wp-block-button__link" href="https://tagung.id-germanistenverband.org/2021/anmeldung/">Einloggen</a></div>
</div>
</div>



<div class="wp-block-column is-layout-flow wp-block-column-is-layout-flow">
<div class="wp-block-buttons is-layout-flex wp-block-buttons-is-layout-flex">
<div class="wp-block-button has-custom-font-size has-small-font-size"><a class="wp-block-button__link" href="https://tagung.id-germanistenverband.org/2021/anmeldung/?task=lostpassword">Passwort zurücksetzen</a></div>
</div>
</div>



<div class="wp-block-column is-layout-flow wp-block-column-is-layout-flow"></div>
</div>



<hr class="wp-block-separator"/>



<p class="has-text-align-center"><strong>Hinweise herunterladen</strong></p>



<p class="has-text-align-center"><strong><a href="https://tagung.id-germanistenverband.org/2021/wp-content/uploads/2021/08/Hinweise-zur-Online-Registrierung-1.pdf">Hinweise zur Online-Registrierung (Pdf)</a></strong></p>



<p class="has-text-align-center"><strong><a href="https://tagung.id-germanistenverband.org/2021/wp-content/uploads/2021/08/Hinweise-zum-Hochladen-des-Abstracts-1.pdf">Hinweise zum Hochladen des Abstracts (Pdf)</a></strong></p>



<pre class="wp-block-code"><code></code></pre>

<p>Wählen Sie bitte. Hinweise herunterladen Hinweise zur Online-Registrierung (Pdf) Hinweise zum Hochladen des Abstracts (Pdf)</p>
